{"id":2516,"date":"2026-04-27T16:30:26","date_gmt":"2026-04-27T16:30:26","guid":{"rendered":"https:\/\/euroetiquetas.com\/?page_id=2516"},"modified":"2026-08-20T08:19:39","modified_gmt":"2026-08-20T08:19:39","slug":"politique-de-qualite","status":"publish","type":"page","link":"https:\/\/euroetiquetas.com\/fr\/politica-de-calidad\/","title":{"rendered":"Politique qualit\u00e9"},"content":{"rendered":"<div data-elementor-type=\"wp-page\" data-elementor-id=\"2516\" class=\"elementor elementor-2516\" data-elementor-post-type=\"page\">\n\t\t\t\t<div class=\"elementor-element elementor-element-26ab8075 animated-slow e-flex e-con-boxed elementor-invisible e-con e-parent\" data-id=\"26ab8075\" data-element_type=\"container\" data-e-type=\"container\" data-settings=\"{&quot;background_background&quot;:&quot;classic&quot;,&quot;animation&quot;:&quot;fadeIn&quot;,&quot;animation_delay&quot;:1000}\">\n\t\t\t\t\t<div class=\"e-con-inner\">\n\t\t\t\t<div class=\"elementor-element elementor-element-2cfb45a8 elementor-widget elementor-widget-heading\" data-id=\"2cfb45a8\" data-element_type=\"widget\" data-e-type=\"widget\" data-widget_type=\"heading.default\">\n\t\t\t\t\t<h1 class=\"elementor-heading-title elementor-size-default\">Politique qualit\u00e9<\/h1>\t\t\t\t<\/div>\n\t\t\t\t<div class=\"elementor-element elementor-element-13018067 elementor-widget-mobile__width-inherit rm-custom-style elementor-widget elementor-widget-shortcode\" data-id=\"13018067\" data-element_type=\"widget\" data-e-type=\"widget\" data-widget_type=\"shortcode.default\">\n\t\t\t\t\t\t\t<div class=\"elementor-shortcode\"><nav aria-label=\"fil d&#039;Ariane\" class=\"rank-math-breadcrumb\"><p><span class=\"last\">Accueil<\/span><\/p><\/nav><\/div>\n\t\t\t\t\t\t<\/div>\n\t\t\t\t\t<\/div>\n\t\t\t\t<\/div>\n\t\t<div class=\"elementor-element elementor-element-df6ddc1 e-flex e-con-boxed e-con e-parent\" data-id=\"df6ddc1\" data-element_type=\"container\" data-e-type=\"container\" data-settings=\"{&quot;background_background&quot;:&quot;classic&quot;}\">\n\t\t\t\t\t<div class=\"e-con-inner\">\n\t\t<div class=\"elementor-element elementor-element-3d842612 e-con-full animated-slow e-flex elementor-invisible e-con e-child\" data-id=\"3d842612\" data-element_type=\"container\" data-e-type=\"container\" data-settings=\"{&quot;animation&quot;:&quot;fadeIn&quot;}\">\n\t\t\t\t<div class=\"elementor-element elementor-element-7f0c39bc elementor-widget__width-initial elementor-widget elementor-widget-text-editor\" data-id=\"7f0c39bc\" data-element_type=\"widget\" data-e-type=\"widget\" data-widget_type=\"text-editor.default\">\n\t\t\t\t\t\t\t\t\t<p>La Gesti\u00f3n de la Calidad y la gesti\u00f3n responsable de nuestros recursos naturales son prioritarios a todas las actividades de EUROETIQUETAS SL, que establece un compromiso con la sociedad.<\/p><p>El objetivo de EUROETIQUETAS SL, es alcanzar la plena satisfacci\u00f3n de los grupos de inter\u00e9s en la realizaci\u00f3n de las siguientes actividades:<\/p><p>1. Impression d'\u00e9tiquettes avec les syst\u00e8mes suivants :<br \/>&#8211; Impresi\u00f3n digital<br \/>&#8211; Flexograf\u00eda UVI<br \/>2. D\u00e9coupage d'\u00e9tiquette anonyme<br \/>3. Impression et d\u00e9coupe de bande continue<\/p><p>El desarrollo de estos objetivos se logra por el trabajo en equipo de todos los integrantes de la organizaci\u00f3n a los que se motiva con la formaci\u00f3n adecuada, que implica un incremento de su profesionalidad y la mejora en la realizaci\u00f3n<br \/>de los productos.<\/p><p>Les exigences des clients, communiqu\u00e9es \u00e0 toute l'organisation, sont respect\u00e9es dans la r\u00e9alisation des produits.<br \/>Les relations avec les clients et les fournisseurs sont vitales pour EUROETIQUETAS SL, car elles ouvrent la voie \u00e0 une am\u00e9lioration continue, qui doit \u00eatre parcourue ensemble.<\/p><p>EUROETIQUETAS SL, apuesta por la \u00fanica v\u00eda que lleva a la competitividad y al liderazgo en el mercado, que es la mejora continua.<\/p><p>Existe un compromiso de EUROETIQUETAS SL del cumplimiento de la legislaci\u00f3n actual y venidera. Esta pol\u00edtica, objetivos y acciones, se reflejan en la documentaci\u00f3n del Sistema Gesti\u00f3n de la Calidad.<\/p><p>La Pol\u00edtica de la Calidad se revisa anualmente y da a conocer y a entender a todos los niveles de EUROETIQUETAS SL por medio de comunicaciones como esta.<\/p><p>En lo referente a la Cadena de Custodia y preocupados por garantizar el origen responsable de la materia prima procedente de nuestros bosques, nos comprometemos bajo nuestro n\u00famero de licencia, FSC-C226350 a cumplir con<br \/>los requisitos de la norma FSC\u00ae:<\/p><p>&#8211; No comercializar productos derivados de madera procedente de talas ilegales o fuentes conflictivas.<br \/>&#8211; No participar, en ninguna manera, en violaciones de derechos humanos o tradicionales en las operaciones forestales, ni destrucci\u00f3n de altos valores de conservaci\u00f3n en operaciones forestales, conversi\u00f3n significativa de bosques en plantaciones o usos no forestales, \u00f3 en la introducci\u00f3n de organismos modificados gen\u00e9ticamente en las operaciones forestales.<br \/>&#8211; Firmar la \u201cPol\u00edtica para Asociaci\u00f3n de Organizaciones con FSC\u00ae\u201d<br \/>&#8211; Apoyar la verificaci\u00f3n de operaciones y el diagn\u00f3stico de fibras llevados a cabo por ASI (Accreditation Services International) y nuestra entidad de certificaci\u00f3n, mediante la entrega de muestras de datos de operaciones FSC\u00ae y la entrega de muestras y espec\u00edmenes de materiales y productos que se nos soliciten para su verificaci\u00f3n.<br \/>&#8211; Respetar los derechos constitucionales de car\u00e1cter social de nuestros trabajadores, libre asociacionismo, no uso del trabajo forzoso ni trabajo infantil, garantizar la igualdad de oportunidades y las condiciones de trabajo de seguridad y salud, cumpliendo todos los requisitos de la OIT.<\/p><p>Se dispone de servicio de prevenci\u00f3n ajeno contratado y la empresa tiene implantado un sistema de autoevaluaci\u00f3n para velar y garantizar el cumplimiento de dichos Requisitos Laborales Fundamentales.<\/p><p>&#8211; Dar cumplimiento a los requisitos establecidos por FSC\u00ae seg\u00fan el FSC<\/p><p>-POL-01-004 V2 ESP \u201cPol\u00edtica para la Asociaci\u00f3n de Organizaciones con el FSC\u00ae\u201d. Se firma y conserva dicho documento para su consulta.<br \/>&#8211; Velar por el cumplimiento de estas premisas por parte de las subcontratas con las que pueda trabajar.<\/p><p>Esta pol\u00edtica se comunica a todas las personas de la organizaci\u00f3n, se pone a disposici\u00f3n de las partes interesadas y se revisa peri\u00f3dicamente para<br \/>garantizar su adecuaci\u00f3n y eficacia.<\/p><p><strong>Direcci\u00f3n: Angel Prat<br \/><\/strong><\/p><p>\u00a0<\/p><p>Revisi\u00f3n 1: (Febrero 2026)<\/p>\t\t\t\t\t\t\t\t<\/div>\n\t\t\t\t<\/div>\n\t\t\t\t\t<\/div>\n\t\t\t\t<\/div>\n\t\t\t\t<\/div>","protected":false},"excerpt":{"rendered":"<p>La Gesti\u00f3n de la Calidad y la gesti\u00f3n responsable de nuestros recursos naturales son prioritarios a todas las actividades de EUROETIQUETAS SL, que establece un compromiso con la sociedad. El objetivo de EUROETIQUETAS SL, es alcanzar la plena satisfacci\u00f3n de los grupos de inter\u00e9s en la realizaci\u00f3n de las siguientes actividades: 1. Impresi\u00f3n de etiquetas [&hellip;]<\/p>\n","protected":false},"author":2,"featured_media":0,"parent":0,"menu_order":0,"comment_status":"closed","ping_status":"closed","template":"","meta":{"footnotes":""},"class_list":["post-2516","page","type-page","status-publish","hentry"],"_links":{"self":[{"href":"https:\/\/euroetiquetas.com\/fr\/wp-json\/wp\/v2\/pages\/2516","targetHints":{"allow":["GET"]}}],"collection":[{"href":"https:\/\/euroetiquetas.com\/fr\/wp-json\/wp\/v2\/pages"}],"about":[{"href":"https:\/\/euroetiquetas.com\/fr\/wp-json\/wp\/v2\/types\/page"}],"author":[{"embeddable":true,"href":"https:\/\/euroetiquetas.com\/fr\/wp-json\/wp\/v2\/users\/2"}],"replies":[{"embeddable":true,"href":"https:\/\/euroetiquetas.com\/fr\/wp-json\/wp\/v2\/comments?post=2516"}],"version-history":[{"count":6,"href":"https:\/\/euroetiquetas.com\/fr\/wp-json\/wp\/v2\/pages\/2516\/revisions"}],"predecessor-version":[{"id":2987,"href":"https:\/\/euroetiquetas.com\/fr\/wp-json\/wp\/v2\/pages\/2516\/revisions\/2987"}],"wp:attachment":[{"href":"https:\/\/euroetiquetas.com\/fr\/wp-json\/wp\/v2\/media?parent=2516"}],"curies":[{"name":"wp","href":"https:\/\/api.w.org\/{rel}","templated":true}]}}

Politique qualité

<div data-elementor-type="wp-page" data-elementor-id="2516" class="elementor elementor-2516" data-elementor-post-type="page">
				<div class="elementor-element elementor-element-26ab8075 animated-slow e-flex e-con-boxed elementor-invisible e-con e-parent" data-id="26ab8075" data-element_type="container" data-e-type="container" data-settings="{&quot;background_background&quot;:&quot;classic&quot;,&quot;animation&quot;:&quot;fadeIn&quot;,&quot;animation_delay&quot;:1000}">
					<div class="e-con-inner">
				<div class="elementor-element elementor-element-2cfb45a8 elementor-widget elementor-widget-heading" data-id="2cfb45a8" data-element_type="widget" data-e-type="widget" data-widget_type="heading.default">
					<h1 class="elementor-heading-title elementor-size-default">Politique qualité</h1>				</div>
				<div class="elementor-element elementor-element-13018067 elementor-widget-mobile__width-inherit rm-custom-style elementor-widget elementor-widget-shortcode" data-id="13018067" data-element_type="widget" data-e-type="widget" data-widget_type="shortcode.default">
							<div class="elementor-shortcode"><nav aria-label="fil d&#039;Ariane" class="rank-math-breadcrumb"><p><span class="last">Accueil</span></p></nav></div>
						</div>
					</div>
				</div>
		<div class="elementor-element elementor-element-df6ddc1 e-flex e-con-boxed e-con e-parent" data-id="df6ddc1" data-element_type="container" data-e-type="container" data-settings="{&quot;background_background&quot;:&quot;classic&quot;}">
					<div class="e-con-inner">
		<div class="elementor-element elementor-element-3d842612 e-con-full animated-slow e-flex elementor-invisible e-con e-child" data-id="3d842612" data-element_type="container" data-e-type="container" data-settings="{&quot;animation&quot;:&quot;fadeIn&quot;}">
				<div class="elementor-element elementor-element-7f0c39bc elementor-widget__width-initial elementor-widget elementor-widget-text-editor" data-id="7f0c39bc" data-element_type="widget" data-e-type="widget" data-widget_type="text-editor.default">
									<p>La Gestión de la Calidad y la gestión responsable de nuestros recursos naturales son prioritarios a todas las actividades de EUROETIQUETAS SL, que establece un compromiso con la sociedad.</p><p>El objetivo de EUROETIQUETAS SL, es alcanzar la plena satisfacción de los grupos de interés en la realización de las siguientes actividades:</p><p>1. Impression d'étiquettes avec les systèmes suivants :<br />&#8211; Impresión digital<br />&#8211; Flexografía UVI<br />2. Découpage d'étiquette anonyme<br />3. Impression et découpe de bande continue</p><p>El desarrollo de estos objetivos se logra por el trabajo en equipo de todos los integrantes de la organización a los que se motiva con la formación adecuada, que implica un incremento de su profesionalidad y la mejora en la realización<br />de los productos.</p><p>Les exigences des clients, communiquées à toute l'organisation, sont respectées dans la réalisation des produits.<br />Les relations avec les clients et les fournisseurs sont vitales pour EUROETIQUETAS SL, car elles ouvrent la voie à une amélioration continue, qui doit être parcourue ensemble.</p><p>EUROETIQUETAS SL, apuesta por la única vía que lleva a la competitividad y al liderazgo en el mercado, que es la mejora continua.</p><p>Existe un compromiso de EUROETIQUETAS SL del cumplimiento de la legislación actual y venidera. Esta política, objetivos y acciones, se reflejan en la documentación del Sistema Gestión de la Calidad.</p><p>La Política de la Calidad se revisa anualmente y da a conocer y a entender a todos los niveles de EUROETIQUETAS SL por medio de comunicaciones como esta.</p><p>En lo referente a la Cadena de Custodia y preocupados por garantizar el origen responsable de la materia prima procedente de nuestros bosques, nos comprometemos bajo nuestro número de licencia, FSC-C226350 a cumplir con<br />los requisitos de la norma FSC®:</p><p>&#8211; No comercializar productos derivados de madera procedente de talas ilegales o fuentes conflictivas.<br />&#8211; No participar, en ninguna manera, en violaciones de derechos humanos o tradicionales en las operaciones forestales, ni destrucción de altos valores de conservación en operaciones forestales, conversión significativa de bosques en plantaciones o usos no forestales, ó en la introducción de organismos modificados genéticamente en las operaciones forestales.<br />&#8211; Firmar la “Política para Asociación de Organizaciones con FSC®”<br />&#8211; Apoyar la verificación de operaciones y el diagnóstico de fibras llevados a cabo por ASI (Accreditation Services International) y nuestra entidad de certificación, mediante la entrega de muestras de datos de operaciones FSC® y la entrega de muestras y especímenes de materiales y productos que se nos soliciten para su verificación.<br />&#8211; Respetar los derechos constitucionales de carácter social de nuestros trabajadores, libre asociacionismo, no uso del trabajo forzoso ni trabajo infantil, garantizar la igualdad de oportunidades y las condiciones de trabajo de seguridad y salud, cumpliendo todos los requisitos de la OIT.</p><p>Se dispone de servicio de prevención ajeno contratado y la empresa tiene implantado un sistema de autoevaluación para velar y garantizar el cumplimiento de dichos Requisitos Laborales Fundamentales.</p><p>&#8211; Dar cumplimiento a los requisitos establecidos por FSC® según el FSC</p><p>-POL-01-004 V2 ESP “Política para la Asociación de Organizaciones con el FSC®”. Se firma y conserva dicho documento para su consulta.<br />&#8211; Velar por el cumplimiento de estas premisas por parte de las subcontratas con las que pueda trabajar.</p><p>Esta política se comunica a todas las personas de la organización, se pone a disposición de las partes interesadas y se revisa periódicamente para<br />garantizar su adecuación y eficacia.</p><p><strong>Dirección: Angel Prat<br /></strong></p><p> </p><p>Revisión 1: (Febrero 2026)</p>								</div>
				</div>
					</div>
				</div>
				</div>

<p>La Gestión de la Calidad y la gestión responsable de nuestros recursos naturales son prioritarios a todas las actividades de EUROETIQUETAS SL, que establece un compromiso con la sociedad. El objetivo de EUROETIQUETAS SL, es alcanzar la plena satisfacción de los grupos de interés en la realización de las siguientes actividades: 1. Impresión de etiquetas [&hellip;]</p>
